30 + 21. Calculate the remainder when x(l) is divided by u(2).
13
Let r(t) = t**3 + 4*t**2 - 7*t - 7. Let n(g) = g**2 + 7*g. What is the remainder when n(-8) is divided by r(-5)?
2
Let n(c) = -c + 6. Let l be n(18). Let s = 22 + l. Calculate the remainder when 18 is divided by s.
8
Let q be ((-6)/7)/(-3) - (-515)/35. Calculate the remainder when 23 is divided by (q/25)/((6/(-40))/(-3)).
11
Suppose -35 + 170 = 5*z. Let o = 34 + -30. Let b = o + z. What is the remainder when b is divided by 17?
14
Let u(p) = p**2 - 3*p - 7. Let x = 9 + -4. Let d be u(x). Suppose d*q = 5*q - 108. Calculate the remainder when q is divided by 14.
12
Suppose 8 = -0*s + 4*s. Suppose 0 = -s*b + 17 + 11. Calculate the remainder when b is divided by 9.
5
Let x = 8 + -10. Suppose -2*q + 6*q - 14 = -2*w, 2 = 2*w - 2*q. Calculate the remainder when x/(2/w)*-1 is divided by 1.
0
Suppose 5*k + 74 = 414. Let z = k + -35. What is the remainder when z is divided by (1 + 1)*270/60?
6
Let b = 90 - 74. Calculate the remainder when 141 is divided by b.
13
Let u(c) = 6*c**2 - 3*c - 3. Let b(n) = -2*n**3 + 4*n**2 + 7*n + 3. What is the remainder when u(-3) is divided by b(-2)?
18
Suppose 2*w + 1 = w + x, -5*w - 9 = -3*x. Let y(s) = -4*s - 7. Calculate the remainder when 8 is divided by y(w).
3
Let a = 1074 + -1001. Calculate the remainder when a is divided by 60.
13
Let d(j) = -j**2 + 20*j - 24. What is the remainder when 201 is divided by d(18)?
9
Suppose -8*d + 204 = 3*n - 4*d, d = 3. What is the remainder when 189 is divided by n?
61
Suppose -2*t - 57 = -m, -5*m + 285 = -28*t + 26*t. Calculate the remainder when m is divided by 34.
23
Let o(l) = 2*l - 6. Let c(h) = h**2 - 6*h + 10. Let z be (-12)/(-1) - (5 + -2). Calculate the remainder when c(z) is divided by o(8).
7
Suppose 12*p + 19*p = 4836. What is the remainder when p is divided by 13?
0
Calculate the remainder when (-18)/2 - (-141492)/156 is divided by 11.
7
Suppose 96*t + 303 = 101*t + 2*d, -4*d - 279 = -5*t. Calculate the remainder when 167 is divided by t.
49
Suppose 2*o - 198 = -0*o - 5*j, -3*o = 2*j - 297. Let x(q) = -7*q**2 + 5*q + 1. Let h be x(6). Let f = h - -246. Calculate the remainder when o is divided by f.
24
Suppose -7*j = -2*j - 360. Calculate the remainder when j is divided by 15.
12
Suppose 2*m = -4*l + 178, 5*l + 7*m - 224 = 3*m. Calculate the remainder when 349 is divided by l.
41
Let b be 12/(5/(-4)*(-132)/2530). Let z = b + -174. Suppose -4*x = -8 - 148. What is the remainder when x is divided by z?
9
Let a be (-2)/(-8)*6*(10 + -120). Let b = -95 - a. Calculate the remainder when b is divided by 15.
10
Let r(q) = 36*q**2 - q - 2. Calculate the remainder when 111 is divided by r(-1).
6
Let f(y) = y**2 - 10*y - 3. Let u be f(10). Let x = 16 + u. Calculate the remainder when (-2 + 6)/(2/x) is divided by 9.
8
Calculate the remainder when 106 is divided by 9 - (-6)/(-4)*10/(-15).
6
Let k be (0 + (-21)/(-9))/(5/15). Suppose -k*q + 18 = -80. What is the remainder when 20 is divided by q?
6
Let s = -40 + 290. Calculate the remainder when s is divided by 21.
19
Let a = 19 + -14. Suppose -a*d = 2*j - 22 - 1, 2*d - 10 = -j. Suppose -j*z - 50 = -234. Calculate the remainder when z is divided by 12.
10
Let z(v) = 20*v + 3. Let d be z(3). Suppose -d + 11 = -4*o. What is the remainder when 49 is divided by o?
10
Let s be ((-16)/(-12))/((-2)/(-72)). Suppose 27 + s = 5*p. Suppose d - 7 = -y, 10 = 9*y - 14*y. Calculate the remainder when p is divided by d.
6
Let o = 51 + -54. Let a(c) = 40*c. What is the remainder when a(1) is divided by 1 + (o - -3 - -13)?
12
Let b = -88 - -215. Calculate the remainder when b is divided by 885/20 + (-8 + 7 - 4/16).
41
Let k(i) = 3*i**2 - 2*i - 27. Calculate the remainder when 33 is divided by k(-3).
3
Suppose -290 = -4*u - 2*h, -4*u + 4*h = -u - 223. Let s = 40 - 21. Calculate the remainder when u is divided by s.
16
Let j(w) = w**2 + 3*w - 388. Let d(s) = -94*s. Let q(z) = 63*z. Let k(t) = -5*d(t) - 7*q(t). Calculate the remainder when k(3) is divided by j(-22).
27
Suppose x - 30 = 2*m, 0*m = -2*x + m + 72. Calculate the remainder when 796 is divided by x.
36
Let a = 1645 - 1094. What is the remainder when a is divided by 46?
45
Let b = 1221 + -1200. Calculate the remainder when 56 is divided by b.
14
Let z(b) = b**2 - 13*b - 55. What is the remainder when 184 is divided by z(19)?
7
Let k = 11 + 8. Let m = -3552 - -3644. What is the remainder when m is divided by k?
16
Suppose 5*s - 2*s - 3 = 0. Let y(x) = x**3 - 12*x**2 + 11*x + 2. Calculate the remainder when y(11) is divided by -3*(s + 12/(-9)).
0
Let d be -4*1/((-4)/98). Suppose 16*t - 9*t - d = 0. Calculate the remainder when 41 is divided by t.
13
Suppose 2*w - 52 = 4. Calculate the remainder when 306 is divided by w.
26
Let y(d) = -d**3 + 16*d**2 - 2. Let z be y(16). What is the remainder when ((-37)/(-3))/((-4)/6)*z is divided by 8?
5
Let c = -30 + 50. Suppose 0 = -c*t + 15*t + 55. Calculate the remainder when t is divided by 4.
3
Let w(m) be the second derivative of -3*m**3/2 - 13*m**2 - m. What is the remainder when 52 is divided by w(-6)?
24
Let d = 35 - 6. What is the remainder when 231 is divided by d?
28
Suppose -3*m - 56 = -j + 11, 4*j - 4*m = 268. Suppose 13 = -h - 2*f, 4*f = -4*h - 0*h - 68. Calculate the remainder when j is divided by (-68)/(-6)*h/(-14).
16
Suppose -79 - 169 = -5*h + g, -4*h = g - 193. Calculate the remainder when 538 is divided by h.
48
Suppose -4*g + 3*h = -330, -3*g = 13*h - 15*h - 248. Calculate the remainder when 328 is divided by g.
76
Suppose 2*k + 2*c + 2 = 0, 2 = 3*k + 2*c - 4*c. Let q(j) = -4*j + k*j - 6*j. What is the remainder when 29 is divided by q(-1)?
9
Suppose 3*o - 41 - 16 = t, o + t = 23. Let a be 12/8 - (-8)/16. Suppose 3*j = i - 49, -a*i = -5*j - 88 - 13. What is the remainder when i is divided by o?
18
Let f(d) = 3*d**2 - 20*d + 42. What is the remainder when 1330 is divided by f(8)?
72
Suppose -2*b + 3*a = -10, 0 = 5*a - 2*a. Calculate the remainder when 24 is divided by b.
4
Suppose b - 2 = 3*b + 2*p, -3*b = 2*p. Suppose -b*t + 168 = 2*t. What is the remainder when t is divided by 24?
18
Let l(y) = 7*y + 9. Let z(k) = 14*k + 17. Let d(h) = 7*l(h) - 4*z(h). What is the remainder when d(-8) is divided by 13?
12
Let x(w) = -4 + 2*w - 5*w**2 + 3 + 3*w**2 - w**3. What is the remainder when x(-5) is divided by 13?
12
Let q = -87 - -91. Let u = -8 + 13. Calculate the remainder when u is divided by q.
1
Let m = 101 + -79. Let n = 30 - m. Calculate the remainder when 53 is divided by n.
5
Suppose -3*g + 5 = i + 6, -10 = 5*g. What is the remainder when 26 is divided by i?
1
Suppose -460 = 6*b - 484. Calculate the remainder when b is divided by 3.
1
Suppose -3*i - 2 = 133. What is the remainder when 31 is divided by ((-15)/i)/(1/51)?
14
Suppose -3*z + 8*s = 13*s - 79, 2*z = -4*s + 50. Calculate the remainder when 290 is divided by z.
26
Suppose 2*t + 79 = -2*c - c, -8 = c - 3*t. Let o = 3 - c. Calculate the remainder when 103 is divided by o.
25
Let i(b) = 2*b**2 - 2 + 21 + 5*b - 3*b**2. Let v be i(8). Let m = v + 26. Calculate the remainder when 81 is divided by m.
18
Suppose 3131 = 86*h - 4351. Suppose 43 = 3*k - 23. What is the remainder when h is divided by k?
21
Suppose 5*o = 2*q + 3*q + 100, -91 = -5*o - 4*q. What is the remainder when o is divided by ((-48)/9)/((9/12)/(9/(-8)))?
3
Let p(q) = 2*q**3 - 4*q**2 - 5*q + 6. Let w = 18 - 15. Calculate the remainder when 35 is divided by p(w).
8
Let n(i) = i**3 + 6*i**2 - 3*i - 22. Let c be n(-7). Let r = c - -83. What is the remainder when r is divided by 12?
9
Suppose -3*o + 2*z = -6*o - 22, 2*o - 4*z = -4. Let y be ((-8)/(-5))/((-2)/20). What is the remainder when 10 is divided by 9/o*y/6?
2
Suppose 3*n + 3*c - 282 = 0, -446 = -5*n + 3*c - 0*c. What is the remainder when n is divided by 22?
3
Suppose 2*u + 9*u = 319. Suppose 2*l - 20 = 5*n, 4*n - 9 = -l + 14. What is the remainder when u is divided by l?
14
Suppose 3*x - 5*x = -72. Let g(y) = y**2 + 11*y + 12. Let c be g(-10). Suppose 3*s = c*s - 1, -s - 53 = -4*f. What is the remainder when x is divided by f?
10
Suppose 20*f - 109 = -3*l + 22*f, -4*l + 153 = 5*f. What is the remainder when l is divided by 27?
10
Suppose -b + 4*b - 27 = 0. Suppose -3 = -t - v + 7, 0 = t + 2*v - 14